+ 7. Let w be p(5). Let z = w - -14. Let f = -810 + 821. What is the greatest common factor of f and z?
11
Suppose 79 = 10*d - 50 - 91. Calculate the highest common factor of 682 and d.
22
Let k be -12*1*-2*(-6 + 29). Suppose 0 = 3*b + 20*b - k. Calculate the highest common divisor of 42 and b.
6
Suppose -14 = -8*y + 10. Let m be 24/(39/(-15) + y). Calculate the highest common factor of 105 and m.
15
Suppose 0 = 2*p - 4*q + 120, -3*p + 0*q = q + 152. Let i = p + 55. Suppose -5*s + 70 = t, 3*t = 2*t - i*s + 68. What is the highest common divisor of t and 26?
13
Suppose 64*m + 1141 + 1064 = 85*m. What is the highest common factor of m and 10?
5
Suppose -375 = 15*x - 450. Let s = -106 + 191. What is the greatest common divisor of s and x?
5
Let s be (-5 + -215)/(-20) + 14 + -1. Let n = -4 - -28. What is the highest common divisor of s and n?
24
Suppose -111 = l + 5*m - 1153, 3*l - m = 3206. Calculate the highest common divisor of l and 776.
97
Suppose -3*f = 4*k + 24, 0*f + 13 = -f - 3*k. Let w be ((-2)/(-4))/(f/(-240)). Let y be 15/(-2 + (-15)/(-6)). What is the greatest common divisor of w and y?
30
Let f = 5436 - 5202. What is the greatest common divisor of f and 598?
26
Let u(z) = 324*z - 569. Let k be u(75). Calculate the greatest common divisor of k and 19.
19
Suppose b - 5*v = -0*v + 29, -211 = -4*b + v. Let h be ((-1004)/(-8))/(3/(-12)). Let c = -484 - h. What is the highest common divisor of b and c?
18
Let o(t) = -151*t**3 + 16*t**2 + 13*t - 2. Let z be o(-1). Calculate the greatest common divisor of 40 and z.
8
Let z = -293827 - -293872. Let u be 6/(-15) + 1804/10. What is the highest common divisor of z and u?
45
Let m(w) = w - 2. Let b be m(-5). Let l(o) = -o**2 - o + 46. Let j be l(b). Suppose 13*a - 108 = j*a. Calculate the greatest common factor of 48 and a.
12
Let u(j) = 5154*j + 252. Let a be u(1). What is the greatest common factor of 3 and a?
3
Let n(s) = 6*s - 11. Let r be n(2). Let b be (r - (-5)/(-4))*(-12)/3. Let y(z) = 17*z - 1. Let p be y(b). What is the greatest common factor of p and 24?
8
Let d(w) = 2*w**3 + 42*w**2 + 73*w + 807. Let j be d(-19). Calculate the highest common factor of 3312 and j.
144
Let j be (-42)/(-273) - (-843)/13. Suppose -56 = 64*z - j*z. Let q be 6 + 1768/z - (-6)/14. What is the highest common divisor of 266 and q?
38
Let j be (6 - (3 + -4)) + -170. Let y = 191 + j. What is the highest common factor of 84 and y?
28
Let h(r) = -5*r**2 + 259*r - 19. Let u be h(41). What is the greatest common divisor of 25 and u?
5
Let v(i) = -46*i + 83. Let b be v(4). Let w = b + 125. Calculate the highest common factor of w and 40.
8
Let k(m) = -8*m + 63. Let r be (-366)/(-54) + 3/81*6. Let v be k(r). Calculate the highest common divisor of v and 77.
7
Suppose -k + 10*k - 11501 = 12160. What is the greatest common factor of 11 and k?
11
Suppose 5*s - 268 = -94 + 276. Suppose -v - 3*v + 53 = 5*o, -v = 5*o - 47. Calculate the highest common factor of o and s.
9
Let i(g) = 27*g**2 + 9*g - 52. Let s be i(-9). What is the highest common factor of 790 and s?
158
Let b = 267553 + -267224. Suppose -2*k - 4*v = -8, 3*k - v + 23 = 5*k. Calculate the highest common factor of b and k.
7
Suppose -8432 - 4631 + 67173 = 10*o. Calculate the greatest common factor of 7 and o.
7
Let y = -7195 + 7283. Calculate the highest common divisor of y and 4312.
88
Let b be (1/1)/(5/10). Let o(h) = 2*h**3 - 168*h**2 - 177*h + 629. Let g be o(85). Calculate the highest common divisor of b and g.
2
Suppose -8*l = -2*a + 1790, 9*a = 4*a - 4*l + 4355. What is the greatest common divisor of a and 21?
7
Let c(t) be the third derivative of 0 + 0*t + 1/8*t**4 + 1/3*t**3 - 6*t**2. Let m be c(6). Calculate the greatest common factor of m and 160.
20
Suppose 5*w - 3 = 4*w. Suppose -9 = -0*c + 5*c + w*g, -4*c + 2*g + 6 = 0. Let x = 6 - c. What is the greatest common divisor of 60 and x?
6
Suppose -3*l + 426 = -0*v + 3*v, -288 = -2*l + 2*v. Let u = l - 142. Calculate the greatest common factor of u and 37.
1
Let v(a) = -360*a - 700. Let u be v(-2). Calculate the greatest common factor of u and 3380.
20
Let c = -3992 + 4029. What is the highest common divisor of c and 7363?
37
Let f(i) = 172*i - 390. Let j be f(20). What is the highest common factor of 100 and j?
50
Let x(r) = -54*r + 7786. Let s be x(128). Calculate the highest common factor of s and 95.
19
Suppose 245*o - 80494 = 3051. What is the highest common factor of o and 1147?
31
Let z(t) = 137*t + 3948. Let a be z(-28). What is the greatest common factor of a and 2384?
16
Let f = -726049 + 726657. Let c = -20 - -52. Calculate the greatest common factor of c and f.
32
Suppose -174*r = -159*r - 28290. What is the highest common factor of 123 and r?
41
Let o = 33997 + -33933. Calculate the highest common divisor of 31072 and o.
32
Let z be (-4 - -1) + (-27 - -5)*-14. Suppose 3*f - 186 = -3*k, -2*f + 17 = -k + 76. Calculate the highest common factor of z and k.
61
Let w(o) = -o**3 - 2*o**2 - o - 5. Let d be w(-3). Suppose -g - 3*v - d = 3, -v - 10 = -g. What is the highest common factor of 1 and g?
1
Let n(u) = -u**2 - 29*u - 40. Let t be n(-35). Let o = t - -278. Let p be (14/(-6))/(2/(-48)). Calculate the highest common divisor of o and p.
28
Suppose 41*o + 25*o + 111*o = 1416. What is the greatest common factor of o and 22872?
8
Let g be (-2)/15 - (-978)/(-90). Let l = g + 55. Suppose 3*x + 2*z = 5*z + 201, 326 = 5*x + 4*z. Calculate the greatest common divisor of l and x.
22
Let m = -10 - -36. Let g be (-53664)/(-516) + (-1 + 0 - -14). What is the highest common factor of m and g?
13
Suppose 48*p = 10*p + 266. Suppose 5*j + 4*l = 83, 3*j + 70 = p*j + 5*l. Calculate the greatest common divisor of j and 615.
15
Suppose i - 5 - 5 = f, -i = f - 10. Suppose v + 9 = i. Calculate the highest common divisor of v and 29.
1
Suppose 2*p - 19 - 11 = 0. Let w be 5/2 - (-1)/(-2). Suppose 7 - w = y. What is the greatest common factor of y and p?
5
Suppose -1831500 = 17*u - 135*u + 7*u. Calculate the greatest common factor of u and 125.
125
Suppose 75*x - 887 = -5*c + 78*x, -2*x = 4*c - 692. What is the highest common factor of c and 63?
7
Let y be 328/2 + (-56)/(-14). Let h be (-6)/9 + ((-1216)/(-24) - -13). What is the greatest common factor of y and h?
21
Let k be (7*((-3)/(-2))/3)/((-49)/(-27832)). What is the greatest common factor of 280 and k?
28
Let q(x) = 4*x + 41. Let d be q(-18). Let c be d*(9 - 3)*(-2)/3. What is the highest common divisor of 4 and c?
4
Suppose -74*j = -145913 - 56773. Calculate the highest common divisor of 83 and j.
83
Suppose 19*h = 60 + 73. Let u be 203/42 - (-2)/12. Suppose 2*m + 21 = u*m. Calculate the greatest common factor of h and m.
7
Let q(u) = -u**2 + 25*u + 54. Let w be q(22). What is the greatest common factor of 300 and w?
60
Let h be 3*(-8)/6 - -851. Let b = h + -836. What is the greatest common factor of b and 319?
11
Suppose -3*s - 6*p = -8*p - 3859, p - 3862 = -3*s. What is the highest common factor of s and 18?
9
Suppose 742 = 3*p - 4*h - 0*h, -2*p + 5*h + 483 = 0. Let t = p - 137. Calculate the highest common divisor of t and 156.
39
Suppose -t = -6*t + 15, y = -4*t + 397. Let m = 389 - y. Calculate the highest common divisor of m and 58.
2
Let f(a) = 11 - 4 + 2 + 0*a - 3*a - a**2. Let u be f(-4). Suppose 0 = -2*t - 2*k + 172, -t = -0*t - u*k - 56. Calculate the greatest common divisor of t and 54.
27
Let a(m) = 9*m + 0*m + 17*m - m**2 + 0*m + 3. Let b be a(14). Let v be (18 + 1)*(-1)/(-1). What is the greatest common factor of b and v?
19
Suppose 104*u = 108*u - 3680. Calculate the highest common divisor of u and 16.
8
Let z(x) = 2*x + 12. Let m be z(23). Suppose -u + 10 = 2*w - 121, -w - 2*u + m = 0. Let k = w - 33. Calculate the greatest common factor of 14 and k.
7
Suppose -29*h + 268 + 167 = 0. Let l be (-10)/h - 1678/(-12)*2. What is the greatest common factor of l and 31?
31
Let c(q) = 29*q + 36. Let h be c(4). Let w = -117 + h. What is the greatest common factor of w and 42?
7
Suppose 10937 - 47174 = -257*d. Calculate the highest common factor of d and 18471.
141
Let d = 298 - 294. Suppose 20 = 3*k + 3*g - 13, -4*k + d*g = -4. Let n be (-6)/(2/(-1) - -1). What is the highest common factor of n and k?
6
Let f = 8911 - 25. Suppose -464 - f = -11*j. 